{"id":3682,"date":"2018-11-18T14:27:58","date_gmt":"2018-11-18T13:27:58","guid":{"rendered":"https:\/\/www.zoo-roco.ch\/tierische-fragen\/?page_id=3682"},"modified":"2024-04-12T12:57:50","modified_gmt":"2024-04-12T10:57:50","slug":"kontakt","status":"publish","type":"page","link":"https:\/\/www.zoo-roco.ch\/tierische-fragen\/kontakt\/","title":{"rendered":"Kontakt"},"content":{"rendered":"<h1>Kontakt<\/h1>\n<h2>Ihre Schweizer Zoohandlung in Lyss (Kanton Bern) seit 1988.<\/h2>\n<p>Haben Sie eine tierische Frage, die Sie uns stellen m\u00f6chten? Senden Sie uns einfach eine Nachricht mit Ihrer tierischen Frage mittels nachfolgendem Formular und wir beantworten Ihnen Ihre Frage innert K\u00fcrze herzlich und tierisch gerne.<\/p>\n<h2>Unsere Werte =<br \/>\nunser Versprechen!<\/h2>\n<div>\n<ol>\n<li><b>Vorbildliche Tierhaltung \u2013 <\/b>denn das Wohl der Tiere liegt uns am Herzen<\/li>\n<li><b>Artgerechte Produkte<\/b> \u2013 nur so k\u00f6nnen wir gew\u00e4hrleisten, dass es den Tieren ein Leben lang in unserer Obhut gut geht<\/li>\n<li><b>Beste Beratung<\/b> \u2013 jede Beratung soll die Bestnote erzielen<\/li>\n<li><b>Schnelle Lieferung<\/b> \u2013 Bestellungen von Lagerartikel, die bis 13:00 Uhr bei uns eintreffen, werden noch am selben Tag (MO-FR) versendet<\/li>\n<li><b>Geht nicht \u2013 gibt es nicht<\/b>! &#8211; Wir suchen immer eine L\u00f6sung<\/li>\n<\/ol>\n<\/div>\n<p>Dank unserer langj\u00e4hrigen Erfahrung von \u00fcber 35 Jahren k\u00f6nnen wir Ihnen kompetent und fachgerecht Ihre Fragen beantworten.<\/p>\n<p>Wir beraten Sie herzlich und tierische gerne.<\/p>\n<p>Ihr Zoo Roco Team<\/p>\n<div class=\"wpforms-container wpforms-container-full\" id=\"wpforms-3681\"><form id=\"wpforms-form-3681\" class=\"wpforms-validate wpforms-form\" data-formid=\"3681\" method=\"post\" enctype=\"multipart\/form-data\" action=\"\/tierische-fragen\/wp-json\/wp\/v2\/pages\/3682\" data-token=\"4a14d36cfe0e8bf81d0b311ecfca38c9\"><noscript class=\"wpforms-error-noscript\">Bitte aktiviere JavaScript in deinem Browser, um dieses Formular fertigzustellen.<\/noscript><div class=\"wpforms-field-container\"><div id=\"wpforms-3681-field_0-container\" class=\"wpforms-field wpforms-field-name\" data-field-id=\"0\"><label class=\"wpforms-field-label\" for=\"wpforms-3681-field_0\">Name <span class=\"wpforms-required-label\">*<\/span><\/label><div class=\"wpforms-field-row wpforms-field-medium\"><div class=\"wpforms-field-row-block wpforms-first wpforms-one-half\"><input type=\"text\" id=\"wpforms-3681-field_0\" class=\"wpforms-field-name-first wpforms-field-required\" name=\"wpforms[fields][0][first]\" required><label for=\"wpforms-3681-field_0\" class=\"wpforms-field-sublabel after \">Vorname<\/label><\/div><div class=\"wpforms-field-row-block wpforms-one-half\"><input type=\"text\" id=\"wpforms-3681-field_0-last\" class=\"wpforms-field-name-last wpforms-field-required\" name=\"wpforms[fields][0][last]\" required><label for=\"wpforms-3681-field_0-last\" class=\"wpforms-field-sublabel after \">Nachname<\/label><\/div><\/div><\/div><div id=\"wpforms-3681-field_1-container\" class=\"wpforms-field wpforms-field-email\" data-field-id=\"1\"><label class=\"wpforms-field-label\" for=\"wpforms-3681-field_1\">E-Mail <span class=\"wpforms-required-label\">*<\/span><\/label><input type=\"email\" id=\"wpforms-3681-field_1\" class=\"wpforms-field-medium wpforms-field-required\" name=\"wpforms[fields][1]\" spellcheck=\"false\" required><\/div><div id=\"wpforms-3681-field_3-container\" class=\"wpforms-field wpforms-field-select wpforms-field-select-style-classic\" data-field-id=\"3\"><label class=\"wpforms-field-label\" for=\"wpforms-3681-field_3\">Thema <span class=\"wpforms-required-label\">*<\/span><\/label><select id=\"wpforms-3681-field_3\" class=\"wpforms-field-medium wpforms-field-required\" name=\"wpforms[fields][3]\" required=\"required\"><option value=\"Allgemein\" >Allgemein<\/option><option value=\"Ern\u00e4hrung\" >Ern\u00e4hrung<\/option><option value=\"Gesundheit\" >Gesundheit<\/option><option value=\"Haltung\" >Haltung<\/option><option value=\"Verhalten\" >Verhalten<\/option><\/select><\/div><div id=\"wpforms-3681-field_2-container\" class=\"wpforms-field wpforms-field-textarea\" data-field-id=\"2\"><label class=\"wpforms-field-label\" for=\"wpforms-3681-field_2\">Nachricht <span class=\"wpforms-required-label\">*<\/span><\/label><textarea id=\"wpforms-3681-field_2\" class=\"wpforms-field-medium wpforms-field-required\" name=\"wpforms[fields][2]\" required><\/textarea><\/div><\/div><!-- .wpforms-field-container --><div class=\"wpforms-field wpforms-field-hp\"><label for=\"wpforms-3681-field-hp\" class=\"wpforms-field-label\">Phone<\/label><input type=\"text\" name=\"wpforms[hp]\" id=\"wpforms-3681-field-hp\" class=\"wpforms-field-medium\"><\/div><div class=\"wpforms-recaptcha-container wpforms-is-recaptcha wpforms-is-recaptcha-type-v3\" ><input type=\"hidden\" name=\"wpforms[recaptcha]\" value=\"\"><\/div><div class=\"wpforms-submit-container\" ><input type=\"hidden\" name=\"wpforms[id]\" value=\"3681\"><input type=\"hidden\" name=\"wpforms[author]\" value=\"2\"><button type=\"submit\" name=\"wpforms[submit]\" id=\"wpforms-submit-3681\" class=\"wpforms-submit\" data-alt-text=\"Sende...\" data-submit-text=\"Senden\" aria-live=\"assertive\" value=\"wpforms-submit\">Senden<\/button><\/div><\/form><\/div>  <!-- .wpforms-container -->\n","protected":false},"excerpt":{"rendered":"<p>Kontakt Ihre Schweizer Zoohandlung in Lyss (Kanton Bern) seit 1988. Haben Sie eine tierische Frage, die Sie uns stellen m\u00f6chten? Senden Sie uns einfach eine Nachricht mit Ihrer tierischen Frage mittels nachfolgendem Formular und wir beantworten Ihnen Ihre Frage innert K\u00fcrze herzlich und tierisch gerne. Unsere Werte = unser Versprechen! Vorbildliche Tierhaltung \u2013 denn das &hellip; <a href=\"https:\/\/www.zoo-roco.ch\/tierische-fragen\/kontakt\/\" class=\"more-link\"><span class=\"screen-reader-text\">Kontakt <\/span> Weiterlesen<\/a><\/p>\n","protected":false},"author":2,"featured_media":0,"parent":0,"menu_order":0,"comment_status":"closed","ping_status":"closed","template":"","meta":{"footnotes":""},"aioseo_notices":[],"_links":{"self":[{"href":"https:\/\/www.zoo-roco.ch\/tierische-fragen\/wp-json\/wp\/v2\/pages\/3682"}],"collection":[{"href":"https:\/\/www.zoo-roco.ch\/tierische-fragen\/wp-json\/wp\/v2\/pages"}],"about":[{"href":"https:\/\/www.zoo-roco.ch\/tierische-fragen\/wp-json\/wp\/v2\/types\/page"}],"author":[{"embeddable":true,"href":"https:\/\/www.zoo-roco.ch\/tierische-fragen\/wp-json\/wp\/v2\/users\/2"}],"replies":[{"embeddable":true,"href":"https:\/\/www.zoo-roco.ch\/tierische-fragen\/wp-json\/wp\/v2\/comments?post=3682"}],"version-history":[{"count":8,"href":"https:\/\/www.zoo-roco.ch\/tierische-fragen\/wp-json\/wp\/v2\/pages\/3682\/revisions"}],"predecessor-version":[{"id":3811,"href":"https:\/\/www.zoo-roco.ch\/tierische-fragen\/wp-json\/wp\/v2\/pages\/3682\/revisions\/3811"}],"wp:attachment":[{"href":"https:\/\/www.zoo-roco.ch\/tierische-fragen\/wp-json\/wp\/v2\/media?parent=3682"}],"curies":[{"name":"wp","href":"https:\/\/api.w.org\/{rel}","templated":true}]}}