{"id":163,"date":"2016-04-08T11:01:54","date_gmt":"2016-04-08T09:01:54","guid":{"rendered":"http:\/\/www.zoo-roco.ch\/news\/?page_id=163"},"modified":"2024-04-12T12:58:29","modified_gmt":"2024-04-12T10:58:29","slug":"news","status":"publish","type":"page","link":"https:\/\/www.zoo-roco.ch\/tierische-fragen\/","title":{"rendered":"Tierische Fragen"},"content":{"rendered":"<h1>Tierische Fragen beantwortet von der Zoohandlung Zoo Roco AG<\/h1>\n<h2>Stellen Sie uns Ihre Frage und wir beantworten Sie Ihnen kompetent.<\/h2>\n<p><strong>Haben Sie Fragen zur Ern\u00e4hrung Ihres Haustieres? Hat Ihr Haustier ein bestimmtes Verhalten, dass Sie gerne \u00e4ndern m\u00f6chten? Oder sorgen Sie sich um die Gesundheit Ihres Tieres?<\/strong><\/p>\n<p>Stellen Sie uns Ihre Frage zu verschiedenen Themen und lassen Sie Ihre Frage von unserem kompetenten Team beantworten.<\/p>\n<h2>Unsere Werte =<br \/>\nunser Versprechen!<\/h2>\n<div>\n<ol>\n<li><b>Vorbildliche Tierhaltung \u2013 <\/b>denn das Wohl der Tiere liegt uns am Herzen<\/li>\n<li><b>Artgerechte Produkte<\/b> \u2013 nur so k\u00f6nnen wir gew\u00e4hrleisten, dass es den Tieren ein Leben lang in unserer Obhut gut geht<\/li>\n<li><b>Beste Beratung<\/b> \u2013 jede Beratung soll die Bestnote erzielen<\/li>\n<li><b>Schnelle Lieferung<\/b> \u2013 Bestellungen von Lagerartikel, die bis 13:00 Uhr bei uns eintreffen, werden noch am selben Tag (MO-FR) versendet<\/li>\n<li><b>Geht nicht \u2013 gibt es nicht<\/b>! &#8211; Wir suchen immer eine L\u00f6sung<\/li>\n<\/ol>\n<\/div>\n<p>Wir helfen gerne mit wertvollem Fachwissen sowie Tipps und Tricks rund um Haustiere dank Fachwissen aus langj\u00e4hriger Erfahrung.<\/p>\n<p><a class=\"more-link\" style=\"float: none;\" href=\"https:\/\/www.zoo-roco.ch\/tierische-fragen\/kontakt\/\">Jetzt Frage stellen<\/a><\/p>\n<p>Wir beraten Sie tierisch gerne!<\/p>\n<p>Ihr Zoo Roco Team<\/p>\n<hr \/>\n<h2>Neuste Beitr\u00e4ge<\/h2>\n<!-- NOTE: If you need to make changes to this file, copy it to your current theme's main\n\tdirectory so your changes won't be overwritten when the plugin is upgraded. -->\n\n<!-- Start of Post Wrap -->\n<div class=\"post hentry ivycat-post\">\n\t<!-- This is the output of the post TITLE -->\n\t<h2 class=\"entry-title\"><a href=\"https:\/\/www.zoo-roco.ch\/tierische-fragen\/teichfische-im-gartenteich-im-winter\/\">Teichfische im Gartenteich im Winter<\/a><\/h2>\n\t<div class=\"entry-meta\"><span class=\"posted-on\">Ver&ouml;ffentlicht am 20. November 2018<\/span><\/div>\n\n\t<div class=\"entry-thumb\">\n\t<img loading=\"lazy\" decoding=\"async\" width=\"1200\" height=\"525\" src=\"https:\/\/www.zoo-roco.ch\/tierische-fragen\/wp-content\/uploads\/gartenteich-im-winter-1-1200x525.jpg\" class=\"attachment-post-thumbnail size-post-thumbnail wp-post-image\" alt=\"gartenteich im winter\" srcset=\"https:\/\/www.zoo-roco.ch\/tierische-fragen\/wp-content\/uploads\/gartenteich-im-winter-1-1200x525.jpg 1200w, https:\/\/www.zoo-roco.ch\/tierische-fragen\/wp-content\/uploads\/gartenteich-im-winter-1-300x131.jpg 300w, https:\/\/www.zoo-roco.ch\/tierische-fragen\/wp-content\/uploads\/gartenteich-im-winter-1-1024x448.jpg 1024w, https:\/\/www.zoo-roco.ch\/tierische-fragen\/wp-content\/uploads\/gartenteich-im-winter-1.jpg 1488w\" sizes=\"(max-width: 709px) 85vw, (max-width: 909px) 67vw, (max-width: 984px) 60vw, (max-width: 1362px) 62vw, 840px\" \/>\t<\/div>\n\n\t<!-- This is the output of the EXCERPT -->\n\t<div class=\"entry-content home\">\n\t\t<p>Frage: Wie lange muss ich meine Goldfische im Teich f\u00fcttern? Jetzt, wo es k\u00e4lter wird, kommen die Fische nicht mehr an die Oberfl\u00e4che, um das Futter zu fressen. Nehmen diese das Futter auf, wenn es auf den Grund sinkt? U. Broger Antwort: Besten Dank f\u00fcr die Anfrage.Goldfische und Biotopfische brauchen ab einer Wassertemperatur von unter &hellip; <a href=\"https:\/\/www.zoo-roco.ch\/tierische-fragen\/teichfische-im-gartenteich-im-winter\/\" class=\"more-link\"><span class=\"screen-reader-text\">Teichfische im Gartenteich im Winter <\/span> Weiterlesen<\/a><\/p>\n\t<\/div>\n\n<\/div>\n<!-- \/\/ End of Post Wrap -->\n<!-- NOTE: If you need to make changes to this file, copy it to your current theme's main\n\tdirectory so your changes won't be overwritten when the plugin is upgraded. -->\n\n<!-- Start of Post Wrap -->\n<div class=\"post hentry ivycat-post\">\n\t<!-- This is the output of the post TITLE -->\n\t<h2 class=\"entry-title\"><a href=\"https:\/\/www.zoo-roco.ch\/tierische-fragen\/brauchen-auch-nachtaktive-terrarientiere-uv-strahlung\/\">Brauchen auch nachtaktive Terrarientiere UV-Strahlung?<\/a><\/h2>\n\t<div class=\"entry-meta\"><span class=\"posted-on\">Ver&ouml;ffentlicht am 19. November 2018<\/span><\/div>\n\n\t<div class=\"entry-thumb\">\n\t<img loading=\"lazy\" decoding=\"async\" width=\"1200\" height=\"579\" src=\"https:\/\/www.zoo-roco.ch\/tierische-fragen\/wp-content\/uploads\/Kronengecko-1200x579.jpg\" class=\"attachment-post-thumbnail size-post-thumbnail wp-post-image\" alt=\"Kronengecko\" srcset=\"https:\/\/www.zoo-roco.ch\/tierische-fragen\/wp-content\/uploads\/Kronengecko-1200x579.jpg 1200w, https:\/\/www.zoo-roco.ch\/tierische-fragen\/wp-content\/uploads\/Kronengecko-300x145.jpg 300w, https:\/\/www.zoo-roco.ch\/tierische-fragen\/wp-content\/uploads\/Kronengecko-1024x494.jpg 1024w, https:\/\/www.zoo-roco.ch\/tierische-fragen\/wp-content\/uploads\/Kronengecko.jpg 1498w\" sizes=\"(max-width: 709px) 85vw, (max-width: 909px) 67vw, (max-width: 984px) 60vw, (max-width: 1362px) 62vw, 840px\" \/>\t<\/div>\n\n\t<!-- This is the output of the EXCERPT -->\n\t<div class=\"entry-content home\">\n\t\t<p>Frage: Ich habe einen Kronengecko. Dieser ist ja nur in der Nacht aktiv. Braucht dieser auch eine UV-Beleuchtung? A. Lerch Antwort: Besten Dank f\u00fcr diese Frage &#8211; man k\u00f6nnte annehmen, dass nachtaktive Terrarientiere wie der Kronengecko kein UV ben\u00f6tigen. Dem ist aber nicht so. Denn auch nachtaktive Reptilien ben\u00f6tigen UV Licht, da es diverse Reptilien &hellip; <a href=\"https:\/\/www.zoo-roco.ch\/tierische-fragen\/brauchen-auch-nachtaktive-terrarientiere-uv-strahlung\/\" class=\"more-link\"><span class=\"screen-reader-text\">Brauchen auch nachtaktive Terrarientiere UV-Strahlung? <\/span> Weiterlesen<\/a><\/p>\n\t<\/div>\n\n<\/div>\n<!-- \/\/ End of Post Wrap -->\n<!-- NOTE: If you need to make changes to this file, copy it to your current theme's main\n\tdirectory so your changes won't be overwritten when the plugin is upgraded. -->\n\n<!-- Start of Post Wrap -->\n<div class=\"post hentry ivycat-post\">\n\t<!-- This is the output of the post TITLE -->\n\t<h2 class=\"entry-title\"><a href=\"https:\/\/www.zoo-roco.ch\/tierische-fragen\/hamsterrad-ja-oder-nein\/\">Hamsterrad &#8211; ja oder nein?<\/a><\/h2>\n\t<div class=\"entry-meta\"><span class=\"posted-on\">Ver&ouml;ffentlicht am 19. November 2018<\/span><\/div>\n\n\t<div class=\"entry-thumb\">\n\t<img loading=\"lazy\" decoding=\"async\" width=\"1200\" height=\"512\" src=\"https:\/\/www.zoo-roco.ch\/tierische-fragen\/wp-content\/uploads\/zwerghamster-1200x512.jpg\" class=\"attachment-post-thumbnail size-post-thumbnail wp-post-image\" alt=\"zwerghamster\" srcset=\"https:\/\/www.zoo-roco.ch\/tierische-fragen\/wp-content\/uploads\/zwerghamster-1200x512.jpg 1200w, https:\/\/www.zoo-roco.ch\/tierische-fragen\/wp-content\/uploads\/zwerghamster-300x128.jpg 300w, https:\/\/www.zoo-roco.ch\/tierische-fragen\/wp-content\/uploads\/zwerghamster-1024x437.jpg 1024w, https:\/\/www.zoo-roco.ch\/tierische-fragen\/wp-content\/uploads\/zwerghamster.jpg 1274w\" sizes=\"(max-width: 709px) 85vw, (max-width: 909px) 67vw, (max-width: 984px) 60vw, (max-width: 1362px) 62vw, 840px\" \/>\t<\/div>\n\n\t<!-- This is the output of the EXCERPT -->\n\t<div class=\"entry-content home\">\n\t\t<p>Frage: Man liest immer wieder, dass das Hamsterrad sch\u00e4dlich f\u00fcr die Tiere ist und diese \u00abs\u00fcchtig\u00bb auf das Laufen im Rad macht. Ist dies so? J. Liechti Antwort: Besten Dank f\u00fcr diese Frage \u2013 diese wird uns im Gesch\u00e4ft auch oft gestellt. Wir sind \u00fcberzeugt, dass das Tier nicht s\u00fcchtig wird, sondern das nat\u00fcrliche Verlangen &hellip; <a href=\"https:\/\/www.zoo-roco.ch\/tierische-fragen\/hamsterrad-ja-oder-nein\/\" class=\"more-link\"><span class=\"screen-reader-text\">Hamsterrad &#8211; ja oder nein? <\/span> Weiterlesen<\/a><\/p>\n\t<\/div>\n\n<\/div>\n<!-- \/\/ End of Post Wrap -->\n<!-- NOTE: If you need to make changes to this file, copy it to your current theme's main\n\tdirectory so your changes won't be overwritten when the plugin is upgraded. -->\n\n<!-- Start of Post Wrap -->\n<div class=\"post hentry ivycat-post\">\n\t<!-- This is the output of the post TITLE -->\n\t<h2 class=\"entry-title\"><a href=\"https:\/\/www.zoo-roco.ch\/tierische-fragen\/meine-katze-markiert-im-haus\/\">Meine Katze markiert im Haus<\/a><\/h2>\n\t<div class=\"entry-meta\"><span class=\"posted-on\">Ver&ouml;ffentlicht am 18. November 2018<\/span><\/div>\n\n\t<div class=\"entry-thumb\">\n\t<img loading=\"lazy\" decoding=\"async\" width=\"1200\" height=\"677\" src=\"https:\/\/www.zoo-roco.ch\/tierische-fragen\/wp-content\/uploads\/Katze-Flip-1200x677.jpg\" class=\"attachment-post-thumbnail size-post-thumbnail wp-post-image\" alt=\"Katze Flip\" srcset=\"https:\/\/www.zoo-roco.ch\/tierische-fragen\/wp-content\/uploads\/Katze-Flip-1200x677.jpg 1200w, https:\/\/www.zoo-roco.ch\/tierische-fragen\/wp-content\/uploads\/Katze-Flip-300x169.jpg 300w, https:\/\/www.zoo-roco.ch\/tierische-fragen\/wp-content\/uploads\/Katze-Flip-1024x578.jpg 1024w, https:\/\/www.zoo-roco.ch\/tierische-fragen\/wp-content\/uploads\/Katze-Flip.jpg 1500w\" sizes=\"(max-width: 709px) 85vw, (max-width: 909px) 67vw, (max-width: 984px) 60vw, (max-width: 1362px) 62vw, 840px\" \/>\t<\/div>\n\n\t<!-- This is the output of the EXCERPT -->\n\t<div class=\"entry-content home\">\n\t\t<p>Frage:Seit ungef\u00e4hr einem Monat markiert meine Katze vor allem an elektronische Ger\u00e4te, an Schuhe und Taschen.Woran kann es liegen?Ich reinige die Stellen auch immer gr\u00fcndlich mit Putzmittel, aber sofort werden diese neu markiert. H. Emmenegger Antwort:Besten Dank f\u00fcr Ihre Anfrage. Dass Katzen und Kater (auch kastrierte) das Revier im Freien markieren, weil da andere Katzen &hellip; <a href=\"https:\/\/www.zoo-roco.ch\/tierische-fragen\/meine-katze-markiert-im-haus\/\" class=\"more-link\"><span class=\"screen-reader-text\">Meine Katze markiert im Haus <\/span> Weiterlesen<\/a><\/p>\n\t<\/div>\n\n<\/div>\n<!-- \/\/ End of Post Wrap -->\n\n","protected":false},"excerpt":{"rendered":"<p>Tierische Fragen beantwortet von der Zoohandlung Zoo Roco AG Stellen Sie uns Ihre Frage und wir beantworten Sie Ihnen kompetent. Haben Sie Fragen zur Ern\u00e4hrung Ihres Haustieres? Hat Ihr Haustier ein bestimmtes Verhalten, dass Sie gerne \u00e4ndern m\u00f6chten? Oder sorgen Sie sich um die Gesundheit Ihres Tieres? Stellen Sie uns Ihre Frage zu verschiedenen Themen &hellip; <a href=\"https:\/\/www.zoo-roco.ch\/tierische-fragen\/meine-katze-markiert-im-haus\/\" class=\"more-link\"><span class=\"screen-reader-text\">Meine Katze markiert im Haus <\/span> Weiterlesen<\/a><\/p>\n","protected":false},"author":1,"featured_media":0,"parent":0,"menu_order":0,"comment_status":"closed","ping_status":"closed","template":"","meta":{"footnotes":""},"aioseo_notices":[],"_links":{"self":[{"href":"https:\/\/www.zoo-roco.ch\/tierische-fragen\/wp-json\/wp\/v2\/pages\/163"}],"collection":[{"href":"https:\/\/www.zoo-roco.ch\/tierische-fragen\/wp-json\/wp\/v2\/pages"}],"about":[{"href":"https:\/\/www.zoo-roco.ch\/tierische-fragen\/wp-json\/wp\/v2\/types\/page"}],"author":[{"embeddable":true,"href":"https:\/\/www.zoo-roco.ch\/tierische-fragen\/wp-json\/wp\/v2\/users\/1"}],"replies":[{"embeddable":true,"href":"https:\/\/www.zoo-roco.ch\/tierische-fragen\/wp-json\/wp\/v2\/comments?post=163"}],"version-history":[{"count":12,"href":"https:\/\/www.zoo-roco.ch\/tierische-fragen\/wp-json\/wp\/v2\/pages\/163\/revisions"}],"predecessor-version":[{"id":3812,"href":"https:\/\/www.zoo-roco.ch\/tierische-fragen\/wp-json\/wp\/v2\/pages\/163\/revisions\/3812"}],"wp:attachment":[{"href":"https:\/\/www.zoo-roco.ch\/tierische-fragen\/wp-json\/wp\/v2\/media?parent=163"}],"curies":[{"name":"wp","href":"https:\/\/api.w.org\/{rel}","templated":true}]}}